{"id":4969,"date":"2014-12-23T13:30:47","date_gmt":"2014-12-23T13:30:47","guid":{"rendered":"http:\/\/clubzarco.es\/?page_id=4969"},"modified":"2020-08-22T17:30:57","modified_gmt":"2020-08-22T16:30:57","slug":"links","status":"publish","type":"page","link":"https:\/\/clubzarco.org\/?page_id=4969","title":{"rendered":"Enlaces"},"content":{"rendered":"<div class=\"fusion-fullwidth fullwidth-box hundred-percent-fullwidth non-hundred-percent-height-scrolling\"  style='background-color: #ffffff;background-position: center center;background-repeat: no-repeat;padding-top:0px;padding-right:0px;padding-bottom:0px;padding-left:0px;'><div class=\"fusion-builder-row fusion-row \"><div  class=\"fusion-layout-column fusion_builder_column fusion_builder_column_1_1 fusion-builder-column-1 fusion-one-full fusion-column-first fusion-column-last fusion-column-no-min-height 1_1\"  style='margin-top:0px;margin-bottom:0px;'>\n\t\t\t\t\t<div class=\"fusion-column-wrapper\" style=\"padding: 0px 0px 0px 0px;background-position:left top;background-repeat:no-repeat;-webkit-background-size:cover;-moz-background-size:cover;-o-background-size:cover;background-size:cover;\"   data-bg-url=\"\">\n\t\t\t\t\t\t<div class=\"fusion-title title fusion-title-1 fusion-title-size-two\" style=\"margin-top:0px;margin-bottom:31px;\"><h2 class=\"title-heading-left\" style=\"margin:0;\">Links<\/h2><div class=\"title-sep-container\"><div class=\"title-sep sep-double sep-solid\" style=\"border-color:#e0dede;\"><\/div><\/div><\/div><div class=\"fusion-text\"><p style=\"text-align: justify;\">Estos son algunos enlaces que pueden ser de inter\u00e9s para los padres y madres del Club Zarco. Poco a poco iremos a\u00f1adiendo m\u00e1s enlaces a esta secci\u00f3n de la p\u00e1gina web.<\/p>\n<p>&nbsp;<\/p>\n<p style=\"text-align: justify;\"><img decoding=\"async\" loading=\"lazy\" class=\"aligncenter size-full wp-image-5196\" src=\"http:\/\/clubzarco.es\/wp-content\/uploads\/2014\/12\/1419380326_link.png\" alt=\"1419380326_link\" width=\"256\" height=\"256\" srcset=\"https:\/\/clubzarco.org\/wp-content\/uploads\/2014\/12\/1419380326_link-66x66.png 66w, https:\/\/clubzarco.org\/wp-content\/uploads\/2014\/12\/1419380326_link-150x150.png 150w, https:\/\/clubzarco.org\/wp-content\/uploads\/2014\/12\/1419380326_link.png 256w\" sizes=\"(max-width: 256px) 100vw, 256px\" \/><\/p>\n<p>&nbsp;<\/p>\n<div>\n<\/div><div class=\"fusion-sep-clear\"><\/div><div class=\"fusion-separator fusion-full-width-sep sep-none\" style=\"margin-left: auto;margin-right: auto;margin-top:20px;margin-bottom:20px;\"><\/div><div class=\"fusion-text\"><ul class=\"arrow\">\n<li><span style=\"text-decoration: underline;\">Informaci\u00f3n sobre el Opus Dei<\/span><\/li>\n<\/ul>\n<\/div><div class=\"fusion-sep-clear\"><\/div><div class=\"fusion-separator fusion-full-width-sep sep-none\" style=\"margin-left: auto;margin-right: auto;margin-top:10px;margin-bottom:10px;\"><\/div><div class=\"fusion-text\"><ul>\n<li>V\u00eddeos sobre el Opus Dei:\u00a0<a href=\"http:\/\/www.youtube.com\/user\/josemariaescriva\">Canal de Youtube del Opus Dei<\/a>.<\/li>\n<li>Textos sobre el Opus Dei:\u00a0<a href=\"http:\/\/www.opusdei.es\/\">P\u00e1gina oficial del Opus Dei<\/a>.<\/li>\n<\/ul>\n<\/div><div class=\"fusion-sep-clear\"><\/div><div class=\"fusion-separator fusion-full-width-sep sep-none\" style=\"margin-left: auto;margin-right: auto;margin-top:20px;margin-bottom:20px;\"><\/div><div class=\"fusion-text\"><ul class=\"arrow\">\n<li><span style=\"text-decoration: underline;\">Seguridad en Internet<\/span><\/li>\n<\/ul>\n<\/div><div class=\"fusion-sep-clear\"><\/div><div class=\"fusion-separator fusion-full-width-sep sep-none\" style=\"margin-left: auto;margin-right: auto;margin-top:10px;margin-bottom:10px;\"><\/div><div class=\"fusion-text\"><ul>\n<li>Filtro de Internet y control de horarios: <a href=\"https:\/\/www.movistar.es\/qustodiopremium\">Qustodio Premium<\/a>.<\/li>\n<\/ul>\n<\/div><div class=\"fusion-sep-clear\"><\/div><div class=\"fusion-separator fusion-full-width-sep sep-none\" style=\"margin-left: auto;margin-right: auto;margin-top:20px;margin-bottom:20px;\"><\/div><div class=\"fusion-text\"><ul class=\"arrow\">\n<li><span style=\"text-decoration: underline;\">Pensamiento y formaci\u00f3n<\/span><\/li>\n<\/ul>\n<\/div><div class=\"fusion-sep-clear\"><\/div><div class=\"fusion-separator fusion-full-width-sep sep-none\" style=\"margin-left: auto;margin-right: auto;margin-top:10px;margin-bottom:10px;\"><\/div><div class=\"fusion-text\"><ul>\n<li>Un lugar de pensamiento, documentaci\u00f3n e intercambio sobre cuestiones relacionadas con la fe y los valores cristianos:\u00a0<a href=\"http:\/\/www.interrogantes.net\/\" target=\"_blank\" rel=\"noopener noreferrer\">Interrogantes<\/a>.<\/li>\n<li>Portal de contenidos filos\u00f3ficos, literarios y culturales. Un enfoque moderno de la actualidad social:\u00a0<a href=\"http:\/\/www.aceprensa.com\/\" target=\"_blank\" rel=\"noopener noreferrer\">Aceprensa<\/a>.<\/li>\n<\/ul>\n<\/div><div class=\"fusion-sep-clear\"><\/div><div class=\"fusion-separator fusion-full-width-sep sep-none\" style=\"margin-left: auto;margin-right: auto;margin-top:20px;margin-bottom:20px;\"><\/div><div class=\"fusion-text\"><ul class=\"arrow\">\n<li><span style=\"text-decoration: underline;\">Informaci\u00f3n de Pel\u00edculas<\/span><\/li>\n<\/ul>\n<\/div><div class=\"fusion-sep-clear\"><\/div><div class=\"fusion-separator fusion-full-width-sep sep-none\" style=\"margin-left: auto;margin-right: auto;margin-top:10px;margin-bottom:10px;\"><\/div><div class=\"fusion-text\"><ul>\n<li>Para conocer las pel\u00edculas m\u00e1s adecuadas para toda la familia, tanto en cartelera como alquiler, especificando los contenidos de cada pel\u00edcula en distintas categor\u00edas:\u00a0<a href=\"https:\/\/contraste.info\">Contraste<\/a>.<\/li>\n<\/ul>\n<\/div><div class=\"fusion-sep-clear\"><\/div><div class=\"fusion-separator fusion-full-width-sep sep-none\" style=\"margin-left: auto;margin-right: auto;margin-top:20px;margin-bottom:20px;\"><\/div><div class=\"fusion-text\"><ul class=\"arrow\">\n<li><span style=\"text-decoration: underline;\">Cine y Literatura<\/span><\/li>\n<\/ul>\n<\/div><div class=\"fusion-sep-clear\"><\/div><div class=\"fusion-separator fusion-full-width-sep sep-none\" style=\"margin-left: auto;margin-right: auto;margin-top:10px;margin-bottom:10px;\"><\/div><div class=\"fusion-text\"><ul>\n<li>Rese\u00f1as y valoraci\u00f3n moral de libros: <a href=\"http:\/\/www.delibris.org\">DeLibris<\/a>.<\/li>\n<li>Para sinopsis y valoraci\u00f3n moral de pel\u00edculas y series de TV, cine, etc: <a href=\"http:\/\/www.almudi.org\">Almudi<\/a>.<\/li>\n<\/ul>\n<\/div><div class=\"fusion-sep-clear\"><\/div><div class=\"fusion-separator fusion-full-width-sep sep-none\" style=\"margin-left: auto;margin-right: auto;margin-top:20px;margin-bottom:20px;\"><\/div><div class=\"fusion-text\"><ul class=\"arrow\">\n<li><span style=\"text-decoration: underline;\">Webs sobre temas variados y pr\u00e1cticos<\/span><\/li>\n<\/ul>\n<\/div><div class=\"fusion-sep-clear\"><\/div><div class=\"fusion-separator fusion-full-width-sep sep-none\" style=\"margin-left: auto;margin-right: auto;margin-top:10px;margin-bottom:10px;\"><\/div><div class=\"fusion-text\"><ul>\n<li>Valoraci\u00f3n de libros y pel\u00edculas. Material para ni\u00f1os. Art\u00edculos de actualidad: <a href=\"http:\/\/www.almudi.org\">Almudi<\/a>.<\/li>\n<li>Seguimiento en profundidad de temas actuales: <a href=\"http:\/\/www.aceprensa.com\">Aceprensa<\/a>.<\/li>\n<li>Blog que ayuda a pensar de manera independiente. Muy simp\u00e1tica. <a href=\"http:\/\/pensarporlibre.blogspot.com\">Pensar por libre<\/a>.\n<\/li>\n<li><span style=\"color: var(--body_typography-color); font-family: var(--body_typography-font-family); font-size: var(--body_typography-font-size); font-style: var(--body_typography-font-style,normal); font-weight: var(--body_typography-font-weight); letter-spacing: var(--body_typography-letter-spacing);\">Universidad de Navarra. <\/span><a href=\"http:\/\/www.unav.es\" style=\"font-family: var(--body_typography-font-family); font-size: var(--body_typography-font-size); font-style: var(--body_typography-font-style,normal); font-weight: var(--body_typography-font-weight); letter-spacing: var(--body_typography-letter-spacing);\">UNAV<\/a><span style=\"color: var(--body_typography-color); font-family: var(--body_typography-font-family); font-size: var(--body_typography-font-size); font-style: var(--body_typography-font-style,normal); font-weight: var(--body_typography-font-weight); letter-spacing: var(--body_typography-letter-spacing);\">.<\/span><\/li>\n<ul>\n<li><span style=\"color: var(--body_typography-color); font-family: var(--body_typography-font-family); font-size: var(--body_typography-font-size); font-style: var(--body_typography-font-style,normal); font-weight: var(--body_typography-font-weight); letter-spacing: var(--body_typography-letter-spacing);\">Preguntas m\u00e1s frecuentes. <\/span><a href=\"https:\/\/www.unav.edu\/web\/unidad-de-humanidades-y-etica-medica\/material-de-bioetica\/por-tipo\" style=\"font-family: var(--body_typography-font-family); font-size: var(--body_typography-font-size); font-style: var(--body_typography-font-style,normal); font-weight: var(--body_typography-font-weight); letter-spacing: var(--body_typography-letter-spacing);\">Bio\u00e9tica<\/a><span style=\"color: var(--body_typography-color); font-family: var(--body_typography-font-family); font-size: var(--body_typography-font-size); font-style: var(--body_typography-font-style,normal); font-weight: var(--body_typography-font-weight); letter-spacing: var(--body_typography-letter-spacing);\">.<\/span><\/li>\n<li><span style=\"color: var(--body_typography-color); font-family: var(--body_typography-font-family); font-size: var(--body_typography-font-size); font-style: var(--body_typography-font-style,normal); font-weight: var(--body_typography-font-weight); letter-spacing: var(--body_typography-letter-spacing);\">Grupo de investigaci\u00f3n sobre Ciencia, raz\u00f3n y fe. <\/span><a href=\"http:\/\/www.unav.es\/cryf\" style=\"font-family: var(--body_typography-font-family); font-size: var(--body_typography-font-size); font-style: var(--body_typography-font-style,normal); font-weight: var(--body_typography-font-weight); letter-spacing: var(--body_typography-letter-spacing);\">CRYF<\/a><span style=\"color: var(--body_typography-color); font-family: var(--body_typography-font-family); font-size: var(--body_typography-font-size); font-style: var(--body_typography-font-style,normal); font-weight: var(--body_typography-font-weight); letter-spacing: var(--body_typography-letter-spacing);\">.<\/span><\/li>\n<li><span style=\"color: var(--body_typography-color); font-family: var(--body_typography-font-family); font-size: var(--body_typography-font-size); font-style: var(--body_typography-font-style,normal); font-weight: var(--body_typography-font-weight); letter-spacing: var(--body_typography-letter-spacing);\">Instituto de Ciencias para la familia. <\/span><a href=\"https:\/\/www.unav.edu\/web\/instituto-de-ciencias-para-la-familia\" style=\"font-family: var(--body_typography-font-family); font-size: var(--body_typography-font-size); font-style: var(--body_typography-font-style,normal); font-weight: var(--body_typography-font-weight); letter-spacing: var(--body_typography-letter-spacing);\">ICF<\/a><span style=\"color: var(--body_typography-color); font-family: var(--body_typography-font-family); font-size: var(--body_typography-font-size); font-style: var(--body_typography-font-style,normal); font-weight: var(--body_typography-font-weight); letter-spacing: var(--body_typography-letter-spacing);\">.<\/span><\/li>\n<\/ul>\n<\/ul>\n<\/div><div class=\"fusion-sep-clear\"><\/div><div class=\"fusion-separator fusion-full-width-sep sep-none\" style=\"margin-left: auto;margin-right: auto;margin-top:20px;margin-bottom:20px;\"><\/div><div class=\"fusion-text\"><ul class=\"arrow\">\n<li><span style=\"text-decoration: underline;\">Webs doctrinales y de documentaci\u00f3n<\/span><\/li>\n<\/ul>\n<\/div><div class=\"fusion-sep-clear\"><\/div><div class=\"fusion-separator fusion-full-width-sep sep-none\" style=\"margin-left: auto;margin-right: auto;margin-top:10px;margin-bottom:10px;\"><\/div><div class=\"fusion-text\"><ul>\n<li>Catequesis sobre la vida cristiana y sobre Jesucristo en Power Point. <a href=\"http:\/\/www.arguments.es\">Arguments<\/a>.<\/li>\n<li>Casos pr\u00e1cticos, leyendas negras de la Iglesia. <a href=\"http:\/\/www.interrogantes.net\">Interrogantes<\/a>.<\/li>\n<li>Noticias y reportajes sobre el Papa y la Iglesia. <a href=\"https:\/\/es.zenit.org\">Z\u00e9nit<\/a>.<\/li>\n<\/ul>\n<\/div><div class=\"fusion-sep-clear\"><\/div><div class=\"fusion-separator fusion-full-width-sep sep-none\" style=\"margin-left: auto;margin-right: auto;margin-top:20px;margin-bottom:20px;\"><\/div><div class=\"fusion-text\"><ul class=\"arrow\">\n<li><span style=\"text-decoration: underline;\">Webs sobre libros cine, Internet y TV<\/span><\/li>\n<\/ul>\n<\/div><div class=\"fusion-sep-clear\"><\/div><div class=\"fusion-separator fusion-full-width-sep sep-none\" style=\"margin-left: auto;margin-right: auto;margin-top:10px;margin-bottom:10px;\"><\/div><div class=\"fusion-text\"><ul>\n<li>Valoraci\u00f3n de libros y pel\u00edculas. Material para ni\u00f1os. Art\u00edculos de actualidad. <a href=\"http:\/\/www.almudi.org\">Almudi<\/a>.<\/li>\n<li>Pel\u00edculas que se emiten por televisi\u00f3n. <a href=\"http:\/\/www.bloggermania.com\">Blogger Man\u00eda<\/a>.<\/li>\n<li>Libros infantiles y juveniles. <a href=\"http:\/\/www.bienvenidosalafiesta.com\">Bienvenidos a la Fiesta<\/a>.<\/li>\n<li>Para un buen uso de Internet. <a href=\"https:\/\/www.bienestaryproteccioninfantil.es\/fuentes1.asp?sec=18&#038;cod=2766\">Prot\u00e9geles<\/a>.<\/li>\n<\/ul>\n<\/div><div class=\"fusion-clearfix\"><\/div>\n\n\t\t\t\t\t<\/div>\n\t\t\t\t<\/div><\/div><\/div>\n","protected":false},"excerpt":{"rendered":"","protected":false},"author":1,"featured_media":0,"parent":0,"menu_order":0,"comment_status":"open","ping_status":"open","template":"","meta":{"footnotes":""},"_links":{"self":[{"href":"https:\/\/clubzarco.org\/index.php?rest_route=\/wp\/v2\/pages\/4969"}],"collection":[{"href":"https:\/\/clubzarco.org\/index.php?rest_route=\/wp\/v2\/pages"}],"about":[{"href":"https:\/\/clubzarco.org\/index.php?rest_route=\/wp\/v2\/types\/page"}],"author":[{"embeddable":true,"href":"https:\/\/clubzarco.org\/index.php?rest_route=\/wp\/v2\/users\/1"}],"replies":[{"embeddable":true,"href":"https:\/\/clubzarco.org\/index.php?rest_route=%2Fwp%2Fv2%2Fcomments&post=4969"}],"version-history":[{"count":31,"href":"https:\/\/clubzarco.org\/index.php?rest_route=\/wp\/v2\/pages\/4969\/revisions"}],"predecessor-version":[{"id":6162,"href":"https:\/\/clubzarco.org\/index.php?rest_route=\/wp\/v2\/pages\/4969\/revisions\/6162"}],"wp:attachment":[{"href":"https:\/\/clubzarco.org\/index.php?rest_route=%2Fwp%2Fv2%2Fmedia&parent=4969"}],"curies":[{"name":"wp","href":"https:\/\/api.w.org\/{rel}","templated":true}]}}