{"id":5386,"date":"2014-12-27T16:28:13","date_gmt":"2014-12-27T15:28:13","guid":{"rendered":"http:\/\/clubzarco.es\/?page_id=5386"},"modified":"2021-10-21T06:32:44","modified_gmt":"2021-10-21T05:32:44","slug":"actividades","status":"publish","type":"page","link":"https:\/\/clubzarco.org\/?page_id=5386","title":{"rendered":"Actividades"},"content":{"rendered":"<div class=\"fusion-fullwidth fullwidth-box nonhundred-percent-fullwidth non-hundred-percent-height-scrolling\"  style='background-color: #ffffff;background-position: center center;background-repeat: no-repeat;padding-top:0px;padding-right:0px;padding-bottom:0px;padding-left:0px;'><div class=\"fusion-builder-row fusion-row \"><div  class=\"fusion-layout-column fusion_builder_column fusion_builder_column_1_1 fusion-builder-column-1 fusion-one-full fusion-column-first fusion-column-last 1_1\"  style='margin-top:0px;margin-bottom:20px;'>\n\t\t\t\t\t<div class=\"fusion-column-wrapper\" style=\"padding: 0px 0px 0px 0px;background-position:left top;background-repeat:no-repeat;-webkit-background-size:cover;-moz-background-size:cover;-o-background-size:cover;background-size:cover;\"   data-bg-url=\"\">\n\t\t\t\t\t\t<div class=\"fusion-title title fusion-title-1 fusion-title-size-one\" style=\"margin-top:0px;margin-bottom:31px;\"><h1 class=\"title-heading-left\" style=\"margin:0;\">Actividades<\/h1><div class=\"title-sep-container\"><div class=\"title-sep sep-double sep-solid\" style=\"border-color:#e0dede;\"><\/div><\/div><\/div><div class=\"fusion-tabs fusion-tabs-1 classic horizontal-tabs icon-position-left\"><style type=\"text\/css\">.fusion-tabs.fusion-tabs-1 .nav-tabs li a.tab-link{border-top-color:#f1f2f2;background-color:#f1f2f2;}.fusion-tabs.fusion-tabs-1 .nav-tabs{background-color:#ffffff;}.fusion-tabs.fusion-tabs-1 .nav-tabs li.active a.tab-link,.fusion-tabs.fusion-tabs-1 .nav-tabs li.active a.tab-link:hover,.fusion-tabs.fusion-tabs-1 .nav-tabs li.active a.tab-link:focus{border-right-color:#ffffff;}.fusion-tabs.fusion-tabs-1 .nav-tabs li.active a.tab-link,.fusion-tabs.fusion-tabs-1 .nav-tabs li.active a.tab-link:hover,.fusion-tabs.fusion-tabs-1 .nav-tabs li.active a.tab-link:focus{background-color:#ffffff;}.fusion-tabs.fusion-tabs-1 .nav-tabs li a:hover{background-color:#ffffff;border-top-color:#ffffff;}.fusion-tabs.fusion-tabs-1 .tab-pane{background-color:#ffffff;}.fusion-tabs.fusion-tabs-1 .nav,.fusion-tabs.fusion-tabs-1 .nav-tabs,.fusion-tabs.fusion-tabs-1 .tab-content .tab-pane{border-color:#ebeaea;}<\/style><div class=\"nav\"><ul class=\"nav-tabs nav-justified\"><li class=\"active\"><a class=\"tab-link\" data-toggle=\"tab\" id=\"fusion-tab-estudioeficiente\" href=\"#tab-9474ae8bdaf61a1198c\"><h4 class=\"fusion-tab-heading\">Estudio eficiente<\/h4><\/a><\/li><li><a class=\"tab-link\" data-toggle=\"tab\" id=\"fusion-tab-escueladef\u00fatbol\" href=\"#tab-7da65513bfcf70affe7\"><h4 class=\"fusion-tab-heading\">Escuela de f\u00fatbol<\/h4><\/a><\/li><li><a class=\"tab-link\" data-toggle=\"tab\" id=\"fusion-tab-semanasanta\" href=\"#tab-e7b799fa5821a90c15c\"><h4 class=\"fusion-tab-heading\">Semana Santa<\/h4><\/a><\/li><li><a class=\"tab-link\" data-toggle=\"tab\" id=\"fusion-tab-verano\" href=\"#tab-59cdf650f331a1d37ad\"><h4 class=\"fusion-tab-heading\">Verano<\/h4><\/a><\/li><li><a class=\"tab-link\" data-toggle=\"tab\" id=\"fusion-tab-m\u00e1ximavelocidad\" href=\"#tab-32aaaaae9d4b4b54bdf\"><h4 class=\"fusion-tab-heading\">M\u00e1xima Velocidad<\/h4><\/a><\/li><li><a class=\"tab-link\" data-toggle=\"tab\" id=\"fusion-tab-ligafant\u00e1stica\" href=\"#tab-a621bbe71df0fc5a1fe\"><h4 class=\"fusion-tab-heading\">Liga Fant\u00e1stica<\/h4><\/a><\/li><\/ul><\/div><div class=\"tab-content\"><div class=\"nav fusion-mobile-tab-nav\"><ul class=\"nav-tabs nav-justified\"><li class=\"active\"><a class=\"tab-link\" data-toggle=\"tab\" id=\"mobile-fusion-tab-estudioeficiente\" href=\"#tab-9474ae8bdaf61a1198c\"><h4 class=\"fusion-tab-heading\">Estudio eficiente<\/h4><\/a><\/li><\/ul><\/div><div class=\"tab-pane fade fusion-clearfix in active\" id=\"tab-9474ae8bdaf61a1198c\">\n<p>\u00bfQuieres aumentar tu rendimiento en el estudio? \u00bfTe has dicho a ti mismo \u00abeste a\u00f1o me organizo mejor\u00bb? \u00bfQuieres mejorar tus notas?<\/p>\n<p>Si est\u00e1s en alg\u00fan curso de ESO y para ti estas preguntas tienen respuesta afirmativa, ap\u00fantate con nosotros a <a href=\"https:\/\/clubzarco.org\/?page_id=6345\">Grow Up!<\/a> Nunca volver\u00e1s a tener problemas en el estudio.<\/p>\n<div id=\"attachment_6179\" style=\"width: 510px\" class=\"wp-caption aligncenter\"><a href=\"https:\/\/clubzarco.org\/wp-content\/uploads\/2020\/11\/img_4123-scaled.jpg\"><img aria-describedby=\"caption-attachment-6179\" decoding=\"async\" loading=\"lazy\" class=\"wp-image-6179\" src=\"https:\/\/clubzarco.org\/wp-content\/uploads\/2020\/11\/img_4123-300x225.jpg\" alt=\"\" width=\"500\" height=\"375\" srcset=\"https:\/\/clubzarco.org\/wp-content\/uploads\/2020\/11\/img_4123-200x150.jpg 200w, https:\/\/clubzarco.org\/wp-content\/uploads\/2020\/11\/img_4123-300x225.jpg 300w, https:\/\/clubzarco.org\/wp-content\/uploads\/2020\/11\/img_4123-400x300.jpg 400w, https:\/\/clubzarco.org\/wp-content\/uploads\/2020\/11\/img_4123-600x450.jpg 600w, https:\/\/clubzarco.org\/wp-content\/uploads\/2020\/11\/img_4123-768x576.jpg 768w, https:\/\/clubzarco.org\/wp-content\/uploads\/2020\/11\/img_4123-800x600.jpg 800w, https:\/\/clubzarco.org\/wp-content\/uploads\/2020\/11\/img_4123-1024x768.jpg 1024w, https:\/\/clubzarco.org\/wp-content\/uploads\/2020\/11\/img_4123-1200x900.jpg 1200w, https:\/\/clubzarco.org\/wp-content\/uploads\/2020\/11\/img_4123-1536x1152.jpg 1536w\" sizes=\"(max-width: 500px) 100vw, 500px\" \/><\/a><p id=\"caption-attachment-6179\" class=\"wp-caption-text\">Silencio, se estudia<\/p><\/div>\n<p>\u00a1Os esperamos!<\/p>\n<\/div><div class=\"nav fusion-mobile-tab-nav\"><ul class=\"nav-tabs nav-justified\"><li><a class=\"tab-link\" data-toggle=\"tab\" id=\"mobile-fusion-tab-escueladef\u00fatbol\" href=\"#tab-7da65513bfcf70affe7\"><h4 class=\"fusion-tab-heading\">Escuela de f\u00fatbol<\/h4><\/a><\/li><\/ul><\/div><div class=\"tab-pane fade fusion-clearfix\" id=\"tab-7da65513bfcf70affe7\">\n<p>Este a\u00f1o queremos dar un impulso al f\u00fatbol como actividad del club ya que pensamos que es una ocasi\u00f3n fant\u00e1stica de pasarlo bien y, de paso, empaparse de todos los valores que lleva asociado el deporte de equipo. Por otra parte, queremos que sea compatible con el estudio de nuestros socios, que siempre es la actividad reina del club. Por eso, despu\u00e9s de los entrenamientos hay estudio\/deberes.<\/p>\n<div id=\"attachment_5253\" style=\"width: 511px\" class=\"wp-caption aligncenter\"><a href=\"https:\/\/clubzarco.org\/wp-content\/uploads\/2014\/12\/futbol.jpg\"><img aria-describedby=\"caption-attachment-5253\" decoding=\"async\" loading=\"lazy\" class=\"wp-image-5253\" src=\"https:\/\/clubzarco.org\/wp-content\/uploads\/2014\/12\/futbol-300x188.jpg\" alt=\"\" width=\"501\" height=\"313\" srcset=\"https:\/\/clubzarco.org\/wp-content\/uploads\/2014\/12\/futbol-300x188.jpg 300w, https:\/\/clubzarco.org\/wp-content\/uploads\/2014\/12\/futbol-1024x640.jpg 1024w, https:\/\/clubzarco.org\/wp-content\/uploads\/2014\/12\/futbol.jpg 1680w\" sizes=\"(max-width: 501px) 100vw, 501px\" \/><\/a><p id=\"caption-attachment-5253\" class=\"wp-caption-text\">F\u00fatbol en Tajamar<\/p><\/div>\n<p>Los INFANTILES (1\u00ba y 2\u00ba de la ESO) competiremos en la Liga de Clubes de Tajamar (<a href=\"http:\/\/ligatajamar.blogspot.com.es\/\">http:\/\/ligatajamar.blogspot.com.es\/<\/a>)\u00a0que ya conoc\u00e9is del a\u00f1o pasado.<\/p>\n<p>Los CADETES (3\u00ba y 4\u00ba ESO) tambi\u00e9n participar\u00e1n en la Liga de Clubes de Tajamar; los partidos son los viernes por la tarde.<\/p>\n<div>Horarios:<\/div>\n<ul>\n<li>Los infantiles (1\u00ba y 2\u00ba de ESO) los jueves en el campo de f\u00fatbol de Meco.<\/li>\n<li>Los cadetes (3\u00ba y 4\u00ba de ESO) los jueves en el campo de f\u00fatbol de Meco.<\/li>\n<\/ul>\n<p>Los d\u00edas de entrenamiento, habr\u00e1 estudio hasta la hora de salir. Los viernes no habr\u00e1 estudio, sino actividades del club.<\/p>\n<\/div><div class=\"nav fusion-mobile-tab-nav\"><ul class=\"nav-tabs nav-justified\"><li><a class=\"tab-link\" data-toggle=\"tab\" id=\"mobile-fusion-tab-semanasanta\" href=\"#tab-e7b799fa5821a90c15c\"><h4 class=\"fusion-tab-heading\">Semana Santa<\/h4><\/a><\/li><\/ul><\/div><div class=\"tab-pane fade fusion-clearfix\" id=\"tab-e7b799fa5821a90c15c\">\n<div class=\"fusion-text\">\n<p>Zarco no se para en Semana Santa. En estas fechas se organizan campamentos y actividades extraordinarias dentro y fuera de Madrid. Estos d\u00edas de convivencia son una ocasi\u00f3n excelente para poner en pr\u00e1ctica todo lo que han aprendido durante el curso y crecer en los h\u00e1bitos que cada uno necesite desarrollar. Adem\u00e1s, supone una ayuda para vivir mejor la Semana Santa.<\/p>\n<\/div>\n<div class=\"fusion-text\">\n<div id=\"attachment_5253\" class=\"wp-caption aligncenter\">\n<p><img decoding=\"async\" loading=\"lazy\" class=\"aligncenter wp-image-5253\" src=\"https:\/\/clubzarco.es\/wp-content\/uploads\/2014\/12\/semanasanta.jpg\" alt=\"\" width=\"501\" height=\"313\" aria-describedby=\"caption-attachment-5253\" \/><\/p>\n<h4 id=\"caption-attachment-5253\" class=\"wp-caption-text\">Semana Santa<\/h4>\n<\/div>\n<ul>\n<li>Campamento para 5.\u00ba y 6.\u00ba de Primaria<b>:<\/b>\u00a0Unos d\u00edas especiales donde realizan numerosas actividades al aire libre.<\/li>\n<\/ul>\n<ul>\n<li>Convivencia \u00abHuelva Cup\u00bb para 1.\u00ba y 2.\u00ba de ESO: Un momento de descanso y formaci\u00f3n en torno al f\u00fatbol.<\/li>\n<\/ul>\n<ul>\n<li>ENJUVE (Torreciudad): 3.\u00ba ESO a 1.\u00ba BACH: Cerca de un millar de participantes de toda Espa\u00f1a se dan cita para disputar el mayor campeonato deportivo del pa\u00eds entre clubes juveniles.<\/li>\n<\/ul>\n<ul>\n<li>UNIV (Roma): 2.\u00ba BACH y UNIVERSITARIOS<b>:<\/b>\u00a0Congreso Universitario en la ciudad Eterna viviendo la Semana Santa cerca del Papa.<\/li>\n<\/ul>\n<\/div>\n<\/div><div class=\"nav fusion-mobile-tab-nav\"><ul class=\"nav-tabs nav-justified\"><li><a class=\"tab-link\" data-toggle=\"tab\" id=\"mobile-fusion-tab-verano\" href=\"#tab-59cdf650f331a1d37ad\"><h4 class=\"fusion-tab-heading\">Verano<\/h4><\/a><\/li><\/ul><\/div><div class=\"tab-pane fade fusion-clearfix\" id=\"tab-59cdf650f331a1d37ad\">\n<p>Unas vacaciones tan largas como las de verano, nos dan la oportunidad de organizar actividades atractivas y con un gran contenido formativo que ayuden a los socios a seguir creciendo como personas. En estas fechas tambi\u00e9n se organizan campamentos y actividades extraordinarias dentro y fuera de Madrid.<\/p>\n<div class=\"fusion-text\">\n<div id=\"attachment_5505\">\n<p><img decoding=\"async\" loading=\"lazy\" class=\"wp-image-5505 aligncenter\" src=\"http:\/\/clubzarco.es\/wp-content\/uploads\/2014\/12\/verano.jpg\" alt=\"\" width=\"500\" height=\"375\" aria-describedby=\"caption-attachment-5505\" srcset=\"https:\/\/clubzarco.org\/wp-content\/uploads\/2014\/12\/verano-300x225.jpg 300w, https:\/\/clubzarco.org\/wp-content\/uploads\/2014\/12\/verano.jpg 800w\" sizes=\"(max-width: 500px) 100vw, 500px\" \/><\/p>\n<h4 id=\"caption-attachment-5505\" style=\"text-align: center;\">Verano<\/h4>\n<\/div>\n<p>El verano es la \u00e9poca en la que un estudiante dispone de mucho tiempo libre y resulta de gran importancia aprovecharlo bien a la vez que se descansa, para que ese par\u00f3n en la vida ordinaria no pase factura en el comienzo de un nuevo curso.<\/p>\n<ul>\n<li>CAMPAMENTOS DE VERANO (De 4.\u00ba a 6.\u00ba de Primaria).<\/li>\n<\/ul>\n<ul>\n<li>ENGLISH CAMP (1.\u00ba ESO)<b>:<\/b>\u00a0Campamento de verano con clases de Ingl\u00e9s y multitud de planes atractivos son el marco perfecto para ayudarles en el inicio de su adolescencia.<\/li>\n<\/ul>\n<ul>\n<li>CURSO DE VERANO CON INGL\u00c9S (De 2.\u00ba ESO a 4.\u00ba ESO): Clases de Ingl\u00e9s, campeonatos deportivos y excursiones son el complemento espec\u00edfico para un plan formativo exigente.<\/li>\n<\/ul>\n<ul>\n<li>CAMPOS DE TRABAJO (BACHILLERATO): Semanas de voluntariado en pa\u00edses donde m\u00e1s falta hace, pero que sin duda el que asiste recibe mucho m\u00e1s que la ayuda que proporciona.<\/li>\n<\/ul>\n<\/div>\n<\/div><div class=\"nav fusion-mobile-tab-nav\"><ul class=\"nav-tabs nav-justified\"><li><a class=\"tab-link\" data-toggle=\"tab\" id=\"mobile-fusion-tab-m\u00e1ximavelocidad\" href=\"#tab-32aaaaae9d4b4b54bdf\"><h4 class=\"fusion-tab-heading\">M\u00e1xima Velocidad<\/h4><\/a><\/li><\/ul><\/div><div class=\"tab-pane fade fusion-clearfix\" id=\"tab-32aaaaae9d4b4b54bdf\">\n<h2><a href=\"https:\/\/clubzarco.org\/wp-content\/uploads\/2021\/10\/tiempos-carreras-1.jpg\"><img decoding=\"async\" loading=\"lazy\" class=\"aligncenter size-full wp-image-6381\" src=\"https:\/\/clubzarco.org\/wp-content\/uploads\/2021\/10\/tiempos-carreras-1.jpg\" alt=\"\" width=\"960\" height=\"330\" srcset=\"https:\/\/clubzarco.org\/wp-content\/uploads\/2021\/10\/tiempos-carreras-1-200x69.jpg 200w, https:\/\/clubzarco.org\/wp-content\/uploads\/2021\/10\/tiempos-carreras-1-300x103.jpg 300w, https:\/\/clubzarco.org\/wp-content\/uploads\/2021\/10\/tiempos-carreras-1-400x138.jpg 400w, https:\/\/clubzarco.org\/wp-content\/uploads\/2021\/10\/tiempos-carreras-1-600x206.jpg 600w, https:\/\/clubzarco.org\/wp-content\/uploads\/2021\/10\/tiempos-carreras-1-768x264.jpg 768w, https:\/\/clubzarco.org\/wp-content\/uploads\/2021\/10\/tiempos-carreras-1-800x275.jpg 800w, https:\/\/clubzarco.org\/wp-content\/uploads\/2021\/10\/tiempos-carreras-1.jpg 960w\" sizes=\"(max-width: 960px) 100vw, 960px\" \/><\/a><\/h2>\n<h2>COPA ZARCO DE RALLY 2021<\/h2>\n<p>Arranca la temporada en el circuito de Zarco y el pasado d\u00eda 1 de octubre volvieron a rugir los motores de los diez coches competidores.<\/p>\n<h3>\u00daLTIMAS CARRERAS<\/h3>\n<p><iframe loading=\"lazy\" class=\"airtable-embed\" style=\"background: transparent; border: 1px solid #ccc;\" src=\"https:\/\/airtable.com\/embed\/shrlMBIU99idTKcVF?backgroundColor=orange&amp;viewControls=on\" width=\"100%\" height=\"533\" frameborder=\"0\"><\/iframe><\/p>\n<h3>PR\u00d3XIMAS CARRERAS<\/h3>\n<p><iframe loading=\"lazy\" class=\"airtable-embed\" style=\"background: transparent; border: 1px solid #ccc;\" src=\"https:\/\/airtable.com\/embed\/shrqeQlwm3suCTUnD?backgroundColor=orange&amp;viewControls=on\" width=\"100%\" height=\"533\" frameborder=\"0\"><\/iframe><\/p>\n<h2>CLASIFICACI\u00d3N<\/h2>\n<p><iframe loading=\"lazy\" class=\"airtable-embed\" style=\"background: transparent; border: 1px solid #ccc;\" src=\"https:\/\/airtable.com\/embed\/shrBDwLLJjzVLiqo5?backgroundColor=orange&amp;viewControls=on\" width=\"100%\" height=\"533\" frameborder=\"0\"><\/iframe><\/div><div class=\"nav fusion-mobile-tab-nav\"><ul class=\"nav-tabs nav-justified\"><li><a class=\"tab-link\" data-toggle=\"tab\" id=\"mobile-fusion-tab-ligafant\u00e1stica\" href=\"#tab-a621bbe71df0fc5a1fe\"><h4 class=\"fusion-tab-heading\">Liga Fant\u00e1stica<\/h4><\/a><\/li><\/ul><\/div><div class=\"tab-pane fade fusion-clearfix\" id=\"tab-a621bbe71df0fc5a1fe\">\n<h2>Clasificaci\u00f3n de la Liga Fant\u00e1stica 2021<\/h2>\n<p><iframe loading=\"lazy\" class=\"airtable-embed\" style=\"background: transparent; border: 1px solid #ccc;\" src=\"https:\/\/airtable.com\/embed\/shrtFBcb9bG1lxlD5?backgroundColor=pink\" width=\"100%\" height=\"533\" frameborder=\"0\"><\/iframe><\/div><\/div><\/div><div class=\"fusion-clearfix\"><\/div>\n\n\t\t\t\t\t<\/div>\n\t\t\t\t<\/div><\/div><\/div>\n","protected":false},"excerpt":{"rendered":"","protected":false},"author":1,"featured_media":0,"parent":0,"menu_order":0,"comment_status":"open","ping_status":"open","template":"","meta":{"footnotes":""},"_links":{"self":[{"href":"https:\/\/clubzarco.org\/index.php?rest_route=\/wp\/v2\/pages\/5386"}],"collection":[{"href":"https:\/\/clubzarco.org\/index.php?rest_route=\/wp\/v2\/pages"}],"about":[{"href":"https:\/\/clubzarco.org\/index.php?rest_route=\/wp\/v2\/types\/page"}],"author":[{"embeddable":true,"href":"https:\/\/clubzarco.org\/index.php?rest_route=\/wp\/v2\/users\/1"}],"replies":[{"embeddable":true,"href":"https:\/\/clubzarco.org\/index.php?rest_route=%2Fwp%2Fv2%2Fcomments&post=5386"}],"version-history":[{"count":53,"href":"https:\/\/clubzarco.org\/index.php?rest_route=\/wp\/v2\/pages\/5386\/revisions"}],"predecessor-version":[{"id":6400,"href":"https:\/\/clubzarco.org\/index.php?rest_route=\/wp\/v2\/pages\/5386\/revisions\/6400"}],"wp:attachment":[{"href":"https:\/\/clubzarco.org\/index.php?rest_route=%2Fwp%2Fv2%2Fmedia&parent=5386"}],"curies":[{"name":"wp","href":"https:\/\/api.w.org\/{rel}","templated":true}]}}